et h be (-912 + 913)*(-4)/((-8)/234). Let q be 9 + 1/2*0. What is the highest common factor of q and h?
9
Let j = -1973 + 2379. Calculate the highest common divisor of j and 2282.
14
Let s(j) = 0*j - j + 2*j + 3*j + 5. Let z be s(-2). Let r be (5 - 3)/((-9)/z + -2). What is the greatest common divisor of 2 and r?
2
Let w = 217 + -202. Suppose -2*c = -27 - w. Calculate the greatest common factor of c and 63.
21
Let h(r) = -17*r + 40. Let o = 9 - 7. Let p be h(o). Calculate the highest common factor of 102 and p.
6
Suppose 1189*v - 1191*v + 1866 = 4*z, 3*v = -14*z + 6471. Let g(i) = 5*i**3 + 3*i**2 - 1. Let x be g(2). What is the highest common divisor of z and x?
51
Let j = -74 + 80. What is the greatest common divisor of j and 321?
3
Let d be ((-182)/6)/(12 - 3289/273). What is the highest common divisor of 819 and d?
91
Suppose 7445 + 10363 - 3600 = 192*r. Suppose 2*v - 25 = 49. What is the greatest common divisor of r and v?
37
Suppose 0 = -13*i + 16*i - 225. Let k = i + -73. Let j be k + 1045/4 - 9/(-12). Calculate the highest common divisor of j and 33.
33
Suppose -12*y + 15*y - 611 = u, 2*y - 413 = -5*u. Suppose 2*s = -s + y. Calculate the greatest common factor of s and 85.
17
Suppose -2*l = 5*d - 128, -3*l - 5*d + 49 + 133 = 0. Let m be (12/(-26))/((18 - -6)/(-936)). Calculate the highest common divisor of m and l.
18
Suppose h - 2*t = 102, 3*t + 213 = 1204*h - 1202*h. Suppose i + 5*d - 3 - 1 = 0, -2*d = -2*i + 56. What is the greatest common factor of i and h?
24
Suppose -26*v = 309*v - 3963 + 613. Let q(m) = 4*m - 2. Let r be q(3). What is the highest common divisor of v and r?
10
Let w be (-23 + 2)*(6/(-2))/((-6)/(-4)). Calculate the highest common divisor of 189 and w.
21
Suppose -7*a = 8 - 71. Suppose -5*k - 83 = 5*h - 58, -2*k - 4*h = 22. What is the highest common factor of a and k?
1
Let x(a) be the first derivative of 19*a**2/2 - 11*a - 30. Let l be x(1). Calculate the highest common factor of l and 184.
8
Suppose 0*x - 5*t = 3*x - 22, 4*t - 12 = -2*x. Let q be 60 + -1 - (-11)/((-44)/(-8)). Let a = 159 - q. What is the greatest common divisor of x and a?
14
Let a be (1 + 1/(-2))*-48. Let f be 1*a/(-32) + 481/4. Calculate the highest common divisor of f and 33.
11
Let p(t) = t**3 + 5*t**2 - 16*t - 1. Let v be p(3). Suppose -v*n + 24*n = -4*x + 30, -4*n = 5*x - 65. What is the greatest common divisor of 330 and n?
10
Suppose -3*a - 686 = -2*c - 706, 5*c = -2*a + 45. What is the highest common divisor of a and 4735?
5
Let a(y) = -7*y**3 - y**2 + 5*y - 3. Let v be a(-5). What is the highest common factor of 959 and v?
137
Let x(i) = -65*i - 187. Let n be x(-3). Suppose n*q + 3654 = 17*q. What is the highest common divisor of q and 14?
14
Let n be 24 + 61 - (-13)/1. Calculate the highest common divisor of n and 882.
98
Suppose 238 = 17*i - 10*i - 0*i. What is the greatest common divisor of 2 and i?
2
Let j be (-392)/((5/15)/(6/(-9))). Calculate the greatest common factor of 80 and j.
16
Let n(j) = -3*j**2 + 49*j + 42. Let p be n(17). What is the highest common divisor of 916 and p?
4
Suppose -4*f + 5*u + 388 = 0, 3*f + 0*f - 4*u - 290 = 0. Suppose -4*n + 139 = d, -5*d + 697 = -5*n + f. Calculate the greatest common divisor of 205 and d.
41
Let j(b) = 43*b - 21. Let x(s) = s - 1. Let m(f) = -j(f) + 2*x(f). Let i be m(-5). Suppose -r = -8*r + i. What is the highest common divisor of 8 and r?
8
Let w(h) = 3*h**2 + 16*h - 9. Let t be w(-13). Suppose -3*q + t = -5*v + 843, 2*v - 224 = 4*q. What is the greatest common factor of v and 33?
11
Suppose -3*o - 301 = -4*q, -31*o = 5*q - 32*o - 357. Calculate the greatest common divisor of q and 1246.
14
Suppose -30*z = 4*z - 170. Suppose -97 = -z*l + 3*a + 72, -119 = -4*l - 3*a. Calculate the highest common factor of 152 and l.
8
Suppose -335 = -62*p + 285. What is the highest common divisor of p and 80?
10
Suppose 3*f - 15 = -6*p + 3*p, 0 = 5*f + 3*p - 31. Suppose -15*r = -61 - 59. What is the greatest common factor of r and f?
8
Suppose 560 = 2*k + 164. Suppose -4*z = 3*b - k, -2*z + 5*b = -z - 38. Suppose 24641 = 21*u + 24305. What is the greatest common divisor of z and u?
16
Suppose -12*b + 132918 = 2*j, -44319 = -4*b - j - 4*j. What is the highest common divisor of b and 156?
156
Suppose -9 - 6 = -5*c. Suppose h = -4*g + 46 + 70, 0 = 2*g - c*h - 44. Let r = 244 + -237. Calculate the highest common divisor of g and r.
7
Let w = 4445 - 4292. Calculate the highest common factor of 36 and w.
9
Let o = -78 + 82. Suppose -4*z = z + n - 33, o*z = -4*n + 36. What is the greatest common divisor of 10 and z?
2
Let u = -117 - -119. Suppose 5*q + 0*a - 2*a = 29, -u*a = -4*q + 22. Let f be (154/8)/(1/4). What is the highest common divisor of f and q?
7
Let w = 38 + -27. Let t be 2/((-60)/(-570)) + -8*1. Calculate the highest common divisor of t and w.
11
Suppose -r = -2*g, -r - 6 = 3*g - 16. Suppose 0 = -5*b + 15, -g*j - 6*b + 20 = -2*b. What is the highest common divisor of 7 and j?
1
Let c(t) = -8*t**3 - 6*t**2 + 8*t + 26. Let z be c(-2). Calculate the greatest common divisor of z and 1775.
25
Let w(j) be the second derivative of -5*j**3/6 + 17*j**2/2 + 15*j. Let z be w(3). Suppose -310 = -3*c - z*c. Calculate the greatest common factor of c and 31.
31
Suppose -71 = r + 33. Let g be 2/3 - r/6. Suppose 2*q + 4*q = 18. What is the greatest common factor of q and g?
3
Let m = 395 + -292. Suppose w - 119 + m = 0. Calculate the highest common divisor of 88 and w.
8
Suppose -15*x + 8 = -11*x. Suppose -4*p + x*p + 10 = 0. Suppose 2*a - p*a + 3*w + 612 = 0, 2*a = 3*w + 405. Calculate the highest common divisor of 23 and a.
23
Let f = -4081 - -5537. What is the highest common divisor of 91 and f?
91
Suppose -8*t - 216 = -328. Suppose 6*r = -t*r + 520. What is the highest common divisor of r and 117?
13
Let t(m) = -26*m**2 - 36*m. Let z be t(-1). What is the highest common divisor of 4 and z?
2
Suppose -3*u + 200 = 4*b, -3*b + 8 - 11 = 0. Let n be 64 + 1 + 6/2. What is the greatest common factor of u and n?
68
Suppose -4*w + 362 = 34. Let c = -48532 + 48573. What is the greatest common divisor of c and w?
41
Let w = 4350 - 3878. Calculate the highest common divisor of 1121 and w.
59
Let m(f) = -12*f + 24. Let a be m(-4). Suppose 50 = 3*h + 5*y - 10, -5*h + y = -a. Calculate the greatest common divisor of h and 135.
15
Let p(v) = -64*v + 1. Let c be p(-1). Let b(m) = 2*m**3 + 107*m**2 - 164*m + 66. Let l be b(-55). Let i = c - l. What is the highest common factor of i and 27?
27
Let w(s) = -s**2 - 6*s - 9. Let z be w(-4). Let t(i) = 135*i**2 + 1. Let g be t(z). Let b = -144 - -161. What is the greatest common divisor of g and b?
17
Let v be 1082 - (6 - 0 - -2). Let c = 1749 - v. Calculate the greatest common factor of c and 25.
25
Suppose 3*n = -3*g + 368 + 124, 0 = -2*n - 8. Suppose 0 = -9*l + 75 + g. Suppose -z + 13 = -14. Calculate the greatest common factor of z and l.
27
Suppose 60 = -v + 62. Suppose 0*b = v*a - 3*b - 66, 0 = -3*a + 4*b + 100. What is the greatest common factor of a and 60?
12
Let m(a) = -9*a + 56. Let u be m(6). Suppose -8*x + 6*x = -u*j + 190, -5*x = j - 101. Calculate the highest common divisor of 24 and j.
24
Suppose 33*k - 2058773 = -14*k + 349131. What is the highest common factor of k and 16?
16
Let n = 29975 + -29940. Suppose -2*j + 606 = -234. What is the greatest common divisor of n and j?
35
Let z be (0 - -4) + 1 - (16 - 16). Suppose 6*h = 22 + 8. What is the greatest common factor of z and h?
5
Let j = -99 + 114. Suppose -3460 = -3*g - 5*w, g = 29*w - 27*w + 1157. Calculate the highest common divisor of g and j.
15
Suppose 0 = 8*f - 3*f - 3*v - 571, -5*f + 5*v + 585 = 0. What is the highest common factor of f and 4015?
55
Let p(r) = -7*r**3 - r**2 + 2*r. Let s be p(-2). Let u = -38597 + 39125. What is the highest common factor of s and u?
48
Suppose 8*q + 4*q = 60. Suppose 2 - 32 = -q*c. Suppose -c = 21*m - 23*m. What is the greatest common divisor of 6 and m?
3
Suppose 123*y = 119*y + 572. Calculate the greatest common factor of y and 39.
13
Let o = -365 - -436. Suppose -5*x = -3*n + o, x = -n - 1 + 30. What is the highest common factor of n and 81?
27
Let y = 6393 - 6379. Calculate the highest common divisor of y and 21.
7
Let i be (-2)/4 + 102/4. Let o be 7/(14/4) + -3